 -19*v + 17*v = -8. Suppose -5*q - 5*l = -80, -v*q + 48 = 2*l - 24. What are the prime factors of (15/q)/((-1)/(-264))?
2, 3, 11
Let a(n) = 9*n**2 - 11*n + 313. List the prime factors of a(54).
7, 3709
Let a = -14241 + 24862. What are the prime factors of a?
13, 19, 43
Suppose 0 = -3*g + 11*g - 24. Suppose -2*f - 4*n + 44 = -1100, -g*n + 2895 = 5*f. List the prime factors of f.
2, 3, 97
Suppose 0 = 12*a - 3839 - 5593. Suppose 28*z - 25*z = a. List the prime factors of z.
2, 131
Suppose 0 = 95*v + 486634 - 2044064. List the prime factors of v.
2, 7, 1171
Suppose 2*p - 23*z - 5608 = -22*z, 2*z - 5596 = -2*p. List the prime factors of p.
2, 3, 467
Let r = -49 - -64. Let u be (-2)/(-5) - (36/r + -2). Suppose -2*w + 189 + 31 = u. List the prime factors of w.
2, 5, 11
Let c(m) = m**2 + 18*m + 50. Let r be c(-15). Suppose 0 = -r*o + 7*o - 516. What are the prime factors of o?
2, 3, 43
Let q(j) = -30*j - 35. Let r = -34 - -26. Let g be r/3*(-4)/((-8)/3). What are the prime factors of q(g)?
5, 17
Suppose -3*b + 55663 = -12*w + 7*w, -4*w = -b + 18559. List the prime factors of b.
13, 1427
Let t = 42394 + -23672. What are the prime factors of t?
2, 11, 23, 37
Let k be 51 - (4/6 - 8/(-6)). Let z = k + 47. Suppose -6*i - z = -7*i. List the prime factors of i.
2, 3
Let d = -16549 + 24313. List the prime factors of d.
2, 3, 647
Let k(p) = 6*p**2 + 34*p + 20. Let y be k(-5). Suppose 2*h - 1155 + 145 = y. What are the prime factors of h?
5, 101
Let w = -247 - -322. Suppose 3*g - d + w = 1004, -4*g = 5*d - 1264. List the prime factors of g.
311
Let f(j) = 6*j**3 - 28*j**2 + 27*j - 282. What are the prime factors of f(13)?
7, 1217
Let l(w) = -2*w**2 + 2*w + 5. Let v be l(0). Suppose -v*h - 3 = -558. Suppose n - h - 70 = 0. What are the prime factors of n?
181
Let g(h) = 174*h**2 + 94*h - 6. What are the prime factors of g(-4)?
2, 1201
Suppose -2*p - 2*p = 0. Suppose -s - 3*b = 2, 2*s - b = 12 - 2. Suppose -4*q - 52 = -s*t, p = -3*q - 4 + 13. List the prime factors of t.
2
Suppose -2*t = -8*t - 6. Let y be (-30)/9*t/((-8)/(-36)). Suppose y*i - 520 = 10*i. What are the prime factors of i?
2, 13
Suppose 0 = 3*y - 5*y - 26. Let z(l) = 8*l**2 + 104*l + 15. What are the prime factors of z(y)?
3, 5
Let f(s) = 410*s**2 - 75*s - 922. What are the prime factors of f(-12)?
2, 23, 1283
Let h = -83 + 88. Suppose 0 = -h*b - 2*n - 3 - 10, -2*n - 10 = 4*b. Let t(v) = 12*v**2 - 3*v - 18. What are the prime factors of t(b)?
3, 11
Let z(o) = 4*o + 118. Let i be z(-29). Suppose -781 = -3*f + i*j, -3*f - f + j + 1038 = 0. List the prime factors of f.
7, 37
Let x = 475 + -470. Suppose -x*w + 2*k = -2*w - 4693, -2*k + 4709 = 3*w. What are the prime factors of w?
1567
Let w = 8 - 3. Let l be 220 + -1 + 0 - (65 - 72). Suppose w*y = 686 - l. List the prime factors of y.
2, 23
Let i = 2601 + -1828. Let h = i - 173. What are the prime factors of h?
2, 3, 5
Suppose 249 = 5*v + 2*m, 8*v = 4*v - 9*m + 214. What are the prime factors of v?
7
Let s(u) = u**3 - 9*u**2 - 34*u + 136. Let k be s(11). Suppose 5106 = 5*w - 3*g - 3363, -k*w = -g - 6778. What are the prime factors of w?
3, 5, 113
Let a = 0 - -3312. What are the prime factors of a?
2, 3, 23
Suppose 0 = -i + 5*x + 287 + 6259, i - 4*x = 6545. List the prime factors of i.
31, 211
Suppose -3*b + 4*x + 9139 = 0, -5*b - x = x - 15275. Suppose 4*m - m = -2*r + b, 0 = m - 2*r - 1007. What are the prime factors of m?
5, 7, 29
Let t(a) = a - 4. Let w be t(7). Suppose -w*l + v = -0*v - 16, -l + 4*v = -20. Suppose 2*b - l*h = 6*b - 200, -4*h - 70 = -b. What are the prime factors of b?
2, 3
List the prime factors of -7*(-1)/(-2)*(-2935 - (-4 + 3)).
3, 7, 163
Let o be 1 + 10617/15 + 23/115. Suppose v - o = 741. List the prime factors of v.
2, 5, 29
Let n be -4 - (-4 - 0) - (-3 - -205). Let z = n - -546. List the prime factors of z.
2, 43
Suppose 5*l = -j - 12, j - 8*l - 15 = -4*l. Suppose 2*y - j*y - 161 = -3*w, -5*y + 3*w - 793 = 0. Let c = y - -350. What are the prime factors of c?
2, 3
Let o(k) = 10914*k + 8583. List the prime factors of o(5).
3, 2339
Suppose 59*i - 5*v - 17615 = 54*i, i = 2*v + 3520. List the prime factors of i.
2, 41, 43
Suppose 218*o = 2342043 - 277365. List the prime factors of o.
3, 7, 11, 41
Let g = -94990 + 159235. List the prime factors of g.
3, 5, 4283
Let d(t) = -10*t**3 - 7*t**2 - 2*t + 3. Suppose -17 + 8 = 9*p. Let r(i) = i**3 + i**2. Let l(c) = p*d(c) - 6*r(c). What are the prime factors of l(2)?
37
Let p(d) = d**3 + 10*d + 17106. What are the prime factors of p(0)?
2, 3, 2851
Suppose q - 16 = -4*d, q - 13*d + 15*d - 8 = 0. Suppose f + 3*f = -5*x + 3908, q = -x - f + 782. List the prime factors of x.
2, 3, 5, 13
Let b = 14701 - -11184. List the prime factors of b.
5, 31, 167
Suppose 7 = x + p, 4*p - 5 = -5*x + 27. Suppose -x*i = -2*i - 98. Let m = i - -45. List the prime factors of m.
2, 47
Suppose 14*j - 11*j = -162. Let i = j - -54. Suppose -3*v + 7*v - 672 = i. What are the prime factors of v?
2, 3, 7
Suppose -76*g - 256711 + 335917 + 881510 = 0. What are the prime factors of g?
12641
Let r(n) = 3*n**2 + 28*n - 14. Let q(t) = t**2 - t + 1. Let o(k) = 2*q(k) + r(k). Let u(j) be the first derivative of o(j). What are the prime factors of u(7)?
2, 3
Suppose 0 = -21*f + 15*f + 234. Let r be 221/2 - f/(-26). Let w = 226 - r. What are the prime factors of w?
2, 3, 19
Suppose 5*v - t + 2*t - 8 = 0, -v - 3*t = 4. Let o be (7 + (-268)/16)*8/(-2). Suppose v*b + o = 99. What are the prime factors of b?
2, 3, 5
Let m(u) = u**2 - 9*u - 1. Let v be m(8). Let k = 14 + v. Suppose 2*d - 56 = -2*c, 2*c = k*d + c - 116. What are the prime factors of d?
2, 3
List the prime factors of (26160/(-25) - (6 + -2))/((-22)/935).
2, 13, 17, 101
Let y = -24 - 644. Let k = -1200 - y. List the prime factors of (k/10)/(8/(-20)).
7, 19
Let o = -27401 + 66602. List the prime factors of o.
3, 73, 179
Let j be (-3 + 3762)/(1 + -3 - -3). Suppose -52*h + j = -31*h. What are the prime factors of h?
179
Suppose -291*m + 2*a - 203703 = -294*m, m - 5*a = 67952. List the prime factors of m.
7, 89, 109
Let i(l) = l**2 - 311*l - 206. List the prime factors of i(-59).
2, 3, 17, 53
Let i be (-1)/(((-4)/(-16)*-3)/(-6)). What are the prime factors of 2*(-2)/i - (-45585)/30?
2, 5, 19
Suppose 12*y - 4*y + 64 = 0. Let l(b) be the second derivative of -b**5/20 - 7*b**4/12 + 5*b**3/6 - 9*b**2 + 2*b. List the prime factors of l(y).
2, 3
Let q = 8964 - 2148. Suppose -17*v + 13*v - q = 0. What are the prime factors of v/(-18) + (-4)/(-3)?
2, 3
Suppose 4*u + 111 = 371. Suppose -18*r - u = -13*r. Let b = r - -19. List the prime factors of b.
2, 3
Suppose 0 = -0*m - m - 51. Let w = -46 - m. Suppose 3*r - 9 = 0, -3*o + w*r = -87 - 138. What are the prime factors of o?
2, 5
Let t = -279 + 24. Suppose u + 3*y = 2*y - 170, -2*u = -y + 325. Let d = u - t. What are the prime factors of d?
2, 3, 5
Let j be -7 - (-4)/(-8)*-978. Let s = j - 224. List the prime factors of s.
2, 3, 43
Let x(j) = -j**2 - 6*j - 3. Let z be x(-4). Suppose 76*f = 75*f + 595. Suppose 5*y + 0*d - 610 = 2*d, -z*y + f = d. What are the prime factors of y?
2, 3, 5
List the prime factors of ((-4)/((-32)/6))/((-9)/(-24)) + 47788.
2, 3, 5, 59
Let r(h) = -9*h - 9. Let m be r(-3). Suppose 20*j - 498 = m*j. Suppose 0 = -4*k + 3*c + j, -3*c - 117 = -4*k + 2*k. List the prime factors of k.
2, 3, 11
What are the prime factors of ((-101739)/(-12))/((-120)/(-480))?
11, 3083
Let s(x) = 13*x**2 + 24*x - 4*x**2 + 84 + 18*x**2 + 11*x**2 - x**3 - 10*x**2. What are the prime factors of s(27)?
3, 487
Suppose 3*g - 4*g = -2*w + 13, -3*w - 5*g = -39. List the prime factors of (-4)/((-32)/4152) - w.
7, 73
Suppose -881*b + 877*b + 90743 = 3*r, -3*b = 4*r - 68052. List the prime factors of b.
2, 709
Suppose -7*y = -10*y - 4*x - 780, 5*x = 4*y + 1071. Let p = 484 + y. List the prime factors of p.
2, 5, 11
Let k = -109 + -87. Let q = -36 - k. Suppose q = 5*x + 5*h, -2*x = -h - 0*h - 73. List the prime factors of x.
5, 7
Let p(j) = j**2 + 4*j + 2. Let x be p(-3). Let m be 1 + -4 - -3 - 0/x. Suppose m = 4*y - 4, 4*y + 7 = d - 53. What are the prime factors of d?
2
Let s = 7029 - 3395. List the prime factors of s.
2, 23, 79
Let d(p) = 3 + 55*p - 21*p + 29*p + 76*p. Let i be d(3). Let n = i + -220. What are the prime factors of n?
2, 